t l(h) = 35*h**2 + 13*h + 67. Let r(k) = 6*l(k) - 11*p(k). Determine r(0).
39
Suppose 2*m = m + 4. Suppose -7 = -5*a + 3. Let h(k) = 3*k - 4 + k - a*k. Give h(m).
4
Let b(p) = -5*p**2 + 0*p**3 + 9 + p**3 + 7*p**2 - 2 - 3*p**2 + p. Determine b(0).
7
Let f(x) = 2*x + 1. Let g = 8 + -10. Let h be 1/g*(1 - 1). Suppose h = -0*k + k - 2. Calculate f(k).
5
Let a(t) = t + 13. Let j(r) = -2*r - 25. Let l = 5 + -2. Let w(o) = l*j(o) + 5*a(o). Determine w(-7).
-3
Let k(l) = -l + 21. Suppose -5*q + 2 = -w - 1, 0 = -2*w - 4*q + 8. Suppose -w*a - 3*g = -2*g - 2, -2*a - 6 = -3*g. Give k(a).
21
Let i(n) be the first derivative of -3*n**2/2 - 2*n - 544. Give i(-3).
7
Let u(o) = -55*o + 29*o - 3 + 27*o. Let n(x) = 2*x**2 + 5*x - 4. Let k be n(-4). Let s = k + -8. Determine u(s).
-3
Let l(w) = 10*w**2 - 5*w - 6. Let y(i) be the third derivative of -3*i**5/20 + i**4/6 + 5*i**3/6 + 8*i**2. Let k(a) = -6*l(a) - 7*y(a). Calculate k(2).
17
Let a(o) = -4*o + 4. Let c(w) = -w**2 + 34*w - 122. Let z be c(30). What is a(z)?
12
Suppose g - 8 = 3*v, -9*v + 12*v - 7 = -2*g. Let w(y) = -5*y + 29. Give w(g).
4
Let x(i) be the third derivative of i**7/5040 + i**6/360 + 2*i**5/5 + 26*i**2. Let u(a) be the third derivative of x(a). Calculate u(-3).
-1
Let o(z) = -z**2 + 3*z - 1. Suppose -2*m - 3 = d, -4*d + 3*m + 9 = 4*m. Suppose -d*w + 5*w = -34. Let s = -12 - w. Determine o(s).
-11
Let l(f) = 1 + 4 - f**3 - 6*f**2 - 4*f - 14 + 6. Calculate l(-4).
-19
Let p = -345 - -352. Let x(v) = 2*v**2 - 17*v + 14. Give x(p).
-7
Let x(b) = b + 6. Let h be -5*(3 + 0 + -2). Let l be h/(20/8) - -14. Let n be (3 + 1)/(l/(-18)). Give x(n).
0
Suppose -351 - 39 = -30*t. Let a(h) = -h**2 + 12*h - 14. Calculate a(t).
-27
Let j(u) = 7*u**2 - 29*u - 30. Let p be j(-1). Let d(n) be the second derivative of n**4/12 - 7*n**3/6 + 4*n**2 - n. Determine d(p).
2
Let g(p) = -597*p + 295*p + 293*p - p**2 - 4 - 5. Determine g(-8).
-1
Let k = 10 - 5. Suppose 4*w + k = -w. Let l(p) be the second derivative of 5*p**3/3 - 14*p. What is l(w)?
-10
Let h(d) = -2*d**3 - 1. Let s = 135 + -137. What is h(s)?
15
Let u(f) be the second derivative of f**4/12 - 13*f**3/6 - f**2/2 - 94*f + 1. Give u(13).
-1
Let x(o) = 25862*o**2 - 1 + 0*o + 2*o - 25864*o**2 - 48*o**3. Give x(1).
-49
Let k(d) = 2*d**3 + 2*d**2 + 4*d - 1. Let x(h) = 5*h**3 + 6*h**2 + 11*h - 3. Suppose 51 - 7 = 4*a. Let u(w) = a*k(w) - 4*x(w). Calculate u(-1).
-3
Let r(n) be the second derivative of 61*n**5/20 - n**4/12 + n**3/6 - n**2/2 + 406*n. Determine r(1).
60
Let k(r) = r**2 - 2*r - r**3 - 10*r**2 + 19*r**2 + 23. Calculate k(10).
3
Suppose -2*w = 3*l + 11 - 2, -12 = 5*w - 3*l. Let v be (27/w)/3 + 1 + 1. Let r(u) = 3*u**2 + 3*u**2 - 5*u**2. Determine r(v).
1
Let k(q) be the second derivative of q**4/12 - q**3 - 2*q**2 + 7*q. Let s = -20 - -11. Let a(t) = t**3 + 10*t**2 + 9*t + 3. Let i be a(s). Determine k(i).
-13
Let z(o) = -20*o + 26. Let y(d) = 7*d - 9. Let k(m) = -1 + 7*m - 7*m**2 + 6 + m**3 - 7. Let h be k(5). Let w(f) = h*y(f) - 6*z(f). Give w(3).
0
Let c(w) = w**2 + 3*w + 3. Let a = -5 - -8. Suppose j = 3*v + 6, 3 = a*v + j + 9. Give c(v).
1
Let h(g) = 7*g**2 - 15*g + 5. Let u(j) = 15*j**2 - 31*j + 11. Let x(z) = -13*h(z) + 6*u(z). Suppose 0 = -3*b - 2*q + 21, 5*b - 4*q - 30 = 3*b. What is x(b)?
1
Let g(x) be the third derivative of x**9/60480 - x**8/20160 - x**7/2520 + x**6/240 + x**5/10 + 6*x**2. Let n(u) be the third derivative of g(u). Calculate n(3).
15
Let w be (9 - (-1 + 11))*2. Let k(c) = 3*c**2 - c - 1. Calculate k(w).
13
Let z = -6 - -2. Let o = z + 3. Let b(j) = -4*j**2 - 2*j**2 + j - 3*j**2 + 1. Calculate b(o).
-9
Let d = -237 + 230. Let r(v) = -9*v - 64. What is r(d)?
-1
Let g(y) = y**3 + 20*y**2 - y - 16. Let w be g(-20). Let i(l) be the third derivative of 0 - l**3 - 1/24*l**w - 7*l**2 + 0*l. Give i(-5).
-1
Let j be 40/(-6)*156/(-104). Let s(z) = z - 26. Calculate s(j).
-16
Let b(f) = -f**2 - 7*f - 8. Let v = 18 + -57. Let w = v - -33. Determine b(w).
-2
Let x = -1 + 4. Let v(o) = -x + 5 + 2 - 3*o + 2*o. Calculate v(5).
-1
Let x(n) be the third derivative of -n**4/24 + 7*n**3/2 - 9*n**2 + 2. Determine x(0).
21
Let v(i) = -i**2 - 5*i + 1. Let m = 10 + -13. Let g be (1 - -8) + 12/m. Let r be g/(-10)*24/2. What is v(r)?
-5
Let l(x) = 4*x**2 - 4 - 2*x**3 - 3*x + 3*x**3 + 3 + 3 - x. Give l(-5).
-3
Let k be (-14 + 10)/(4/3). Let t(f) = 3*f + 3. What is t(k)?
-6
Let s = -12 + 14. Let q(f) = -5 + 5*f - f**s - 1 + 5. What is q(5)?
-1
Let u be 6 - 42/(0 - -7). Let p(z) = 5*z**3 + 6*z - 12. Let y(h) = -h**3 - h. Let c(f) = -p(f) - 6*y(f). Determine c(u).
12
Let g(k) = -14*k**3 + k**2 - 7*k + 5. Let b(a) = -a + 1. Let h(i) = 6*b(i) - g(i). Suppose -2 = -3*v + f, -v - 4*f - 1 - 20 = 0. Determine h(v).
-15
Let v(p) = -11*p - 5. Let u(x) be the first derivative of -3*x**2/2 - x - 10. Let a(m) = 9*u(m) - 2*v(m). What is a(-1)?
6
Let z(q) = 10*q + 17*q - 8 - 28*q. Suppose -2*b = b - 3*d + 24, 3*d - 17 = 2*b. Give z(b).
-1
Let q(m) = 7*m + 9. Let d(h) = -17*h - 27. Let r(n) = 3*d(n) + 8*q(n). Give r(6).
21
Let l(p) = p**2 - 7*p - 6. Let z = -67 - -71. Suppose 12 = -3*m, z*b + m - 36 = 2*m. What is l(b)?
2
Let v(h) = h**3 + 17*h**2 + 11. Let t = -187 - -170. Determine v(t).
11
Let f be 4 + (276/(-24))/(1/2). Let y(k) = -k**2 - 18*k + 25. Give y(f).
6
Suppose -x + 3 = 2*x. Let a(p) be the third derivative of 0 + 0*p + 1/24*p**6 - 6*p**2 + 1/30*p**5 + 1/6*p**3 - 1/12*p**4. Calculate a(x).
6
Suppose f = 0, 8*p = 10*p - 5*f - 14. Let g(q) = q**2 - 7*q + 10. Determine g(p).
10
Let y(d) = -4*d + 18. Let u = 1923 + -1916. What is y(u)?
-10
Let o(u) be the first derivative of u**4/4 - 5*u**3/3 + 3*u**2 - 3*u - 2. Suppose 85 - 89 = -d. Calculate o(d).
5
Let r(m) = -m - 1. Let c = -307 - -312. What is r(c)?
-6
Let i(t) = t**3 + 8*t**2 + 15*t + 7. Suppose 5*x - 5*y + 5 = 0, 2*x = 81*y - 80*y - 6. Determine i(x).
7
Let l(w) be the first derivative of 2*w**3 + w**2/2 - 7*w + 75. Give l(0).
-7
Let x(i) = i**3 + 7*i**2 + 4*i - 5. Let r(b) = b**3 + b + 1. Let w(p) = 2*r(p) - x(p). Calculate w(7).
-7
Let j be (-4)/22 + (-46)/(-11). Let g be 2 + (-2)/1 + j. Let f(s) = -5*s - s**2 + 3*s - 2 - 2*s**2 + s**3. Determine f(g).
6
Let l(v) = -23*v**2 + 23*v - 43. Let w(n) = 5*n**2 - 6*n + 11. Let y(u) = -2*l(u) - 9*w(u). Determine y(-10).
7
Let g(v) = v + 4 + 11 - 4*v + 0. Let n be g(3). Let u(b) = -b**3 + 5*b**2 + 8*b - 1. Determine u(n).
11
Let k(w) = 5*w - 1. Let r(b) = 3*b + 3. Let f(s) = 3*s + 4. Let a(j) = -3*f(j) + 4*r(j). Let h(o) = 11*a(o) - 6*k(o). What is h(-4)?
-6
Let x(k) = k**2 - 3*k + 4. Let i = 9 - 7. Suppose i*g = -3*j + 74, 0*j - 3*j + 185 = 5*g. Suppose -f = -2*a + 6, 0*f = -3*f - 5*a + g. Calculate x(f).
8
Let d be 1 + 1 + 2 + -4. Let p be (d - 3)*(3 - 2). Let h(a) = 1 - 1 - 4*a - 4. Calculate h(p).
8
Let r(l) = -l**2 - 1. Let m be r(-3). Let j = m + 10. Let v(a) = -3*a + j*a**2 + a**3 - a**2 + 3 + 3*a**2 - 1. Calculate v(-3).
2
Let h(x) = 0*x**3 + x + 14 - 18 - 5*x**2 + x**3. Let q be ((-6)/15)/(3/45). Let t be (-27)/q - (-3)/6. Calculate h(t).
1
Let a(x) = -5*x - 5 + 0*x + 2*x. Suppose 2*i + r + 13 = 0, 3*r + 7 = 16*i - 14*i. What is a(i)?
7
Let c = -17 - -28. Let p be c/11 - (-1 + -1). Let k(i) = 3*i - p*i + i + 0*i - 3. Determine k(2).
-1
Let b(o) = -o**3 - 8*o**2 - 8*o - 2. Suppose 58*i - 57*i = -111. Let u = i + 104. Give b(u).
5
Suppose -274*w = -272*w - 2*v - 2, -w - 5*v - 17 = 0. Let b(m) = -m**3 + m**2 + 7*m + 5. Calculate b(w).
3
Suppose -2*b - 16*f = -13*f - 29, -5*f = 3*b - 45. Let n(o) = -2*o + 12. Calculate n(b).
-8
Let g(h) = 2*h**2 + 3*h + 4. Let v(s) be the second derivative of -1/3*s**3 + 0 + s + 1/2*s**2 - 1/6*s**4. Let u be v(1). Give g(u).
13
Let d = -637 + 643. Let z(t) = -t**3 + 6*t**2 - 3*t + 7. What is z(d)?
-11
Let d = -41 - -41. Suppose -7*z - 20 - 1 = d. Let a(x) = x**3 + 4*x**2 + 2*x - 4. What is a(z)?
-1
Let s(c) be the first derivative of -c**5/20 + c**4/2 - 7*c**3/6 + 2*c**2 - 4*c - 3. Let l(o) be the first derivative of s(o). Determine l(5).
-6
Let j(t) = t**3 + 8*t**2 + 3*t + 10. Suppose 23*f + 116 = -68. Calculate j(f).
-14
Let p(s) = s**2 - 9*s + 8. Suppose d - 2*d = -5. Let t = d + 1. Give p(t).
-10
Let w(i) = -i**2 + 3*i + 1. Let m be w(2). Let a(x) = 27 - 13*x + 5*x - 36 + 5*x**2 + x**m. What is a(-6)?
3
Let s be (